 - -6512. What are the prime factors of i?
2, 5, 191
Suppose 2*h = -h + 9. Suppose -i + h = -2. Suppose 2*f + 110 = i*t - t, 3*t - 5*f = 72. List the prime factors of t.
29
Let v(j) = -4*j**2 + 2*j + 8. Let x be v(-7). Let i = x - -342. List the prime factors of i/63 + (-2)/9.
2
Suppose -5*y + 1865 = 4*t - 746, y - 519 = -4*t. What are the prime factors of y?
523
Let f(o) = 2*o**2 + o + 36. What are the prime factors of f(21)?
3, 313
Let g be (-42)/(-35)*10/4. Let w be 1 + g/1 + -63. Let z = -35 - w. What are the prime factors of z?
2, 3
Let a = 5 - 5. Suppose a*m = -2*m + 40. Let v = m + -8. List the prime factors of v.
2, 3
List the prime factors of 4/(-1)*107*2/(-2).
2, 107
Let b(s) = -113*s + 1. Let a be b(1). Let v = a + 219. What are the prime factors of v?
107
Suppose -5*c + 1 = -6*c. List the prime factors of 1/(((-5)/535)/c).
107
Let g = 60 + -58. Suppose -2*r + r = g*l - 18, 38 = 5*l - r. What are the prime factors of l?
2
Let g = 2799 + -708. What are the prime factors of g?
3, 17, 41
Suppose 3*y - v = -y + 13, -15 = -5*y + v. Suppose 5*j = -a + 219, y*j = -4*a - 42 + 144. Let x = 84 - j. What are the prime factors of x?
41
Let i(o) = -o**2 + 26. Let g(f) = f**2 - 4*f + 3. Let l be g(6). Suppose 0 = -4*u - 5*m - l, -4*m + 7*m + 9 = -2*u. What are the prime factors of i(u)?
2, 13
Let h = -1 - -27. Suppose 0*v = -4*v - 12, -5*u - 2*v = h. Let z = u - -14. What are the prime factors of z?
2, 5
Let c = 3853 + -2581. What are the prime factors of c?
2, 3, 53
Suppose 0 = 4*w - 4*h - 11888, 2*w - 83*h + 80*h = 5943. What are the prime factors of w?
3, 991
Let u(f) = -161*f + 18. Let z be u(-6). Suppose 0 = -4*a - 288 + z. List the prime factors of a.
2, 3, 29
Suppose 19*c = 14*c + 25, -5*k + 4*c + 5600 = 0. List the prime factors of k.
2, 281
Suppose -4*x + 129 = -1055. Suppose 0 = -3*z - 4*b + 114 + 108, -x = -4*z + 5*b. List the prime factors of z.
2, 37
Let i(z) = z**3 - 8*z**2 + 11*z + 9. Let o be i(7). Suppose -g = -o - 48. List the prime factors of g.
5, 17
Let x(a) = 8*a + 42. Let s be x(-6). Let q = s - -51. List the prime factors of q.
3, 5
What are the prime factors of (-52 + -6)*(-1)/((-2)/(-5))?
5, 29
Suppose -3*o + 6 = -2*m, -4*m - 2*o = m - 4. Let i(p) = -p**3 - p. Let u be i(m). Suppose u = 4*l - 4 - 4. List the prime factors of l.
2
Let c be (-36)/(-162) + (-43)/(-9). Suppose i - 6 = -2*u + c, 4*i + 4 = -2*u. What are the prime factors of u?
2
Let p be (114/18 - 7)*(-30)/4. Suppose p*r - 3*i - 497 = 0, -2*r = -5*r + i + 299. List the prime factors of r.
2, 5
Let v = -5 - 1. List the prime factors of (v/(-4))/((-587)/(-292) - 2).
2, 73
Let y(v) = 46*v**2 + 32*v + 225. List the prime factors of y(-8).
3, 971
Let v(p) = 3*p**2 + 4*p - 3. Let r be v(-3). Let l = 1 + r. What are the prime factors of l?
13
Let s(g) = g**2 - 8*g + 8. Let a(c) = -c**2 + 7*c - 7. Let i(h) = -4*a(h) - 3*s(h). What are the prime factors of i(13)?
11
Let o = -2757 + 2872. List the prime factors of o.
5, 23
Let a be 2/(-8) - 27/(-12). Let s be (a - 2)/(0 - 2). Suppose s = 4*p - 17 - 15. What are the prime factors of p?
2
Let j = 133 + -125. Let l(n) = 5*n**2 - 24*n + 1. List the prime factors of l(j).
3, 43
Let s = 2514 + 222. What are the prime factors of s?
2, 3, 19
Suppose -2*b = 3*b + u - 30, 4*b = u + 15. Suppose 0*q = -5*q - 5*j + 345, -q + b*j = -69. List the prime factors of q.
3, 23
Let a(n) be the first derivative of -n**2/2 - 10*n + 8. What are the prime factors of a(-15)?
5
Let l(p) = 13*p**2 + 7*p - 1. Suppose -3*k = -1 + 13, -2*s = 4*k + 24. What are the prime factors of l(s)?
179
Suppose 0 = -26*h - 723 + 16349. List the prime factors of h.
601
Let x = 1065 + -508. List the prime factors of x.
557
Let o = -121 - -184. Let s = o + -26. Let b = 54 - s. What are the prime factors of b?
17
Let m(f) = -f**3 + 14*f**2 - 11*f + 10. Suppose -18 = 2*n + n. Let w(y) = y**3 + 7*y**2 + 4*y + 1. Let u be w(n). List the prime factors of m(u).
2, 3
Let c = 622 + -550. List the prime factors of c.
2, 3
Let n(x) = -x**3 - 9*x**2 - 10*x + 11. Suppose -l = -2*l + 27. Let g = 19 - l. What are the prime factors of n(g)?
3
Let z(m) = -m**3 - 9*m**2 + 20*m - 6. What are the prime factors of z(-13)?
2, 5, 41
Let i = 114 + -16. List the prime factors of i.
2, 7
Let f = 15 - 106. Let b be f/(-21) + 2/3. Suppose 335 = b*x - 15. What are the prime factors of x?
2, 5, 7
List the prime factors of 1 + 15304/16*(-2 + 4).
2, 3, 11, 29
List the prime factors of (38/57)/(0 - 2/(-975)).
5, 13
List the prime factors of -5 - (3 - 75/20)*1056.
787
Let v be (40/(-50))/((-4)/(-30)). Let i(a) = -11*a - 14. What are the prime factors of i(v)?
2, 13
Suppose 24 = 8*f - 11*f. Let a = f + 18. List the prime factors of a.
2, 5
Let y(j) = 17*j + 1. Let c be y(1). Let x(i) = 5*i + 16. Let a be x(c). Suppose 2*f - s = 78, -3*f - s + 16 + a = 0. What are the prime factors of f?
2, 5
Let a = -12 + -5. Let p = -13 - a. Suppose -85 = -k - p*k. What are the prime factors of k?
17
Let x(c) be the third derivative of -c**6/120 + c**5/60 - c**4/6 + 17*c**3/3 - 17*c**2. List the prime factors of x(0).
2, 17
Let x(g) = -3*g + 0*g + 17 - 22. Let m be x(-3). Suppose 0 = -0*f + m*f - 48. List the prime factors of f.
2, 3
Let g = 413 - 187. Suppose u = t + 4*t - g, -89 = -2*t - u. Suppose -3*n + 0 - t = -2*v, 2*n = -3*v + 100. What are the prime factors of v?
2, 3, 5
Suppose -153 - 64 = -31*h. List the prime factors of h.
7
Let u(k) = 0*k - 3*k + 3*k + 6 - k. Let y(p) = p - 3. Let n(w) = -2*u(w) - 5*y(w). List the prime factors of n(-2).
3
Let i(s) = 33*s**2 - 8*s - 32. What are the prime factors of i(-3)?
17
Suppose 2*b - 6785 = -4*d + 8071, -5*b + 18575 = 5*d. What are the prime factors of d?
47, 79
Let i(o) be the third derivative of o**5/60 + o**4/8 + o**3/3 - 3*o**2. Let z be i(-2). Suppose 3*j = -4*m + 39 + 7, -5*m + 20 = z. List the prime factors of j.
2, 5
Let g(u) = -7 + 13 - 3*u**2 - 2*u + 4*u**3 - 7. What are the prime factors of g(4)?
199
Suppose -5*i + 2*j = -4, 4*j = 3 + 9. Suppose -t - 30 = -i*t. Let f = 6 + t. List the prime factors of f.
2, 3
Let i be (-2)/(-13) - (-45)/(-39). Let c be i/(-3 - -4) + 52. Let b = -28 + c. List the prime factors of b.
23
Let h = -719 - -1205. List the prime factors of h.
2, 3
Suppose -2*q - 63 = 5*q. Let j = 27 + q. What are the prime factors of j?
2, 3
Let w(v) = v**3 + 9*v**2 + 9*v - 5. Let u(h) = -4*h - 1. Let k(x) = 13*x + 3. Let s(i) = -2*k(i) - 7*u(i). Let a be s(-4). What are the prime factors of w(a)?
2, 3, 5
Let s(y) = 5*y - 7. Let p(l) be the third derivative of -7*l**4/24 + 5*l**3/3 - 6*l**2. Let u(r) = 5*p(r) + 8*s(r). What are the prime factors of u(6)?
2, 3
Suppose s + 2075 = 6*s + 5*y, 3*y + 1275 = 3*s. Suppose -151 = -u + 3*h, 3*u + 3*h - s = h. What are the prime factors of u?
2, 71
Suppose 0 = -3*b - 15*b + 540. List the prime factors of b.
2, 3, 5
Suppose 5*y - 2 - 8 = 0, 2*y - 9 = -q. Suppose z - q*z = -976. What are the prime factors of z?
2, 61
Let g = -2719 - -4480. What are the prime factors of g?
3, 587
Let d be 4/(-22) + 2016/77. Suppose w + 20 = 3*w - 4*y, -5*w + 2*y = -d. Suppose -2*q = w, -a + q + 1 = 4*q. What are the prime factors of a?
7
List the prime factors of 68/51*678/4.
2, 113
Let l(d) = -d**3 + 21*d**2 + 8. Let o be l(21). List the prime factors of (-6 - -7*o)*10/4.
5
Suppose 2*s + 2*f - 515 - 361 = 0, 1319 = 3*s - 2*f. What are the prime factors of s?
439
Suppose 5*y = -y + 12. Suppose -3*h + 0*f + 68 = f, y*h - 43 = -3*f. List the prime factors of h.
23
Suppose 4*h = 36 + 8. Let y(j) = j**3 - 9*j**2 - 11*j + 5. Let v be y(h). Let g = -84 + v. List the prime factors of g.
2, 3, 7
Let b(g) = g**2 + 2*g - 18. Let h be b(8). Let f = 108 - h. List the prime factors of f.
2, 23
Let j be -5*2*5/(-10). Suppose -j*u = 4*c - 20, u + 4*c - 11 = 9. Suppose u*q = -3*q - 2*s + 1, 4*q + 3*s = 0. What are the prime factors of q?
3
Suppose -3*l - 2 = -0*l + 5*f, 2*l + 4*f + 4 = 0. Suppose -l*p + 25 = -11. List the prime factors of p.
2, 3
Suppose -2*i = 3*f - 29, -4*f + 22 = 3*i - 18. Let l(m) = -m**3 + 6*m**2 + 4*m + 30. List the prime factors of l(f).
3
Suppose -4*y + 0*y = -4*n - 28, n + 9 = 2*y. Suppose 5*w = -y - 8, 4*f - w - 34 = 0. Suppose 3*v - 25 = f. List the prime factors of v.
11
Let p(r) = 3*r**3 - 5*r**2 + 11*r -